{"id":3585,"date":"2015-01-11T13:49:49","date_gmt":"2015-01-11T12:49:49","guid":{"rendered":"http:\/\/zonk-team.hostit.pl\/wordpress\/?page_id=3585"},"modified":"2015-01-13T20:41:10","modified_gmt":"2015-01-13T19:41:10","slug":"zawody-2011","status":"publish","type":"page","link":"https:\/\/zonk-team.pl\/?page_id=3585","title":{"rendered":"Zawody 2011"},"content":{"rendered":"<p><a title=\"Zawody F3JMini Pi\u0144cz\u00f3w wiosna 2011\" href=\"https:\/\/zonk-team.pl\/?page_id=6035\"><strong>Zawody F3JMini Pi\u0144cz\u00f3w wiosna 2011<\/strong><\/a><br \/>\nWiosna, jeden z majowych weekend\u00f3w wi\u0119\u0099c? Taakk jak co roku pojechali\u015b\u009bmy na zawody do Pi\u0144\u0084czowa&#8230;<\/p>\n","protected":false},"excerpt":{"rendered":"<p>Zawody F3JMini Pi\u0144cz\u00f3w wiosna 2011 Wiosna, jeden z majowych weekend\u00f3w wi\u0119\u0099c? Taakk jak co roku pojechali\u015b\u009bmy na zawody do Pi\u0144\u0084czowa&#8230;<\/p>\n","protected":false},"author":1,"featured_media":0,"parent":3576,"menu_order":0,"comment_status":"closed","ping_status":"closed","template":"","meta":{"_crdt_document":"","ngg_post_thumbnail":0,"footnotes":""},"class_list":["post-3585","page","type-page","status-publish","hentry"],"_links":{"self":[{"href":"https:\/\/zonk-team.pl\/index.php?rest_route=\/wp\/v2\/pages\/3585","targetHints":{"allow":["GET"]}}],"collection":[{"href":"https:\/\/zonk-team.pl\/index.php?rest_route=\/wp\/v2\/pages"}],"about":[{"href":"https:\/\/zonk-team.pl\/index.php?rest_route=\/wp\/v2\/types\/page"}],"author":[{"embeddable":true,"href":"https:\/\/zonk-team.pl\/index.php?rest_route=\/wp\/v2\/users\/1"}],"replies":[{"embeddable":true,"href":"https:\/\/zonk-team.pl\/index.php?rest_route=%2Fwp%2Fv2%2Fcomments&post=3585"}],"version-history":[{"count":4,"href":"https:\/\/zonk-team.pl\/index.php?rest_route=\/wp\/v2\/pages\/3585\/revisions"}],"predecessor-version":[{"id":6037,"href":"https:\/\/zonk-team.pl\/index.php?rest_route=\/wp\/v2\/pages\/3585\/revisions\/6037"}],"up":[{"embeddable":true,"href":"https:\/\/zonk-team.pl\/index.php?rest_route=\/wp\/v2\/pages\/3576"}],"wp:attachment":[{"href":"https:\/\/zonk-team.pl\/index.php?rest_route=%2Fwp%2Fv2%2Fmedia&parent=3585"}],"curies":[{"name":"wp","href":"https:\/\/api.w.org\/{rel}","templated":true}]}}