{"id":6025,"date":"2015-01-13T20:31:35","date_gmt":"2015-01-13T19:31:35","guid":{"rendered":"http:\/\/zonk-team.pl\/?page_id=6025"},"modified":"2015-01-13T21:00:21","modified_gmt":"2015-01-13T20:00:21","slug":"zawody-f3jmini-pinczow-2010-05-21-23","status":"publish","type":"page","link":"https:\/\/zonk-team.pl\/?page_id=6025","title":{"rendered":"Zawody F3Jmini Pi\u0144cz\u00f3w 2010.05.21-23"},"content":{"rendered":"<p><strong>Pi\u0105tek 21 maja<\/strong><\/p>\n<p>Po ca\u0142otygodniowych deszczach, nadesz\u0142o wreszcie majowe s\u0142oneczko w sam raz w dzie\u0144 wyjazdu do Pi\u0144czowa ;). Zawody na zboczu + niesamowita atmosfera sprawiaj\u0105, \u017ce tej imprezy nie odpuszczamy :). Tej wiosny nie by\u0142o inaczej :). Miasteczko zaatakowali\u015bmy w tym roku z dw\u00f3ch stron :D. Ze Stalowej wpadli Mar!o, Voy-tec wraz z Ani\u0105 \ud83d\ude09 oraz nasza maskotka Kamilek :D. Ze stron krakowskich wstawili si\u0119 Areq i Yoseph :P. Po stykni\u0119ciu si\u0119 na Orlenie szybkie ustalenia i jedziemy na lotnisko obczai\u0142 jak bardzo jest zalane. Niestety nie nadawa\u0142o si\u0119 do niczego poza p\u0142ywaniem wi\u0119c wystrzelili\u015bmy od razu na zbocze zamiesza\u0142 w powietrzu z deka :D. Po agresywnym podje\u017adzie pod g\u00f3rke, upapraniu aut po dachy i wdrapaniu si\u0119 na szczyt okaza\u0142o si\u0119, \u017ce pogoda jest ca\u0142kiem ca\u0142kiem. Wiaterek po przej\u015bciu kilkuset metr\u00f3w na inn\u0105 stron\u0119 g\u00f3rki wia\u0142 na kierunek, termika r\u00f3wnie\u017c dawa\u0142a rad\u0119 :). Yoseph, Mar!o, Areq oraz Kamilek polatali lotkowcami. Voy-tec od pocz\u0105tku lata\u0142 tylko zagi-podobnym samolotem ;). Po zwini\u0119ciu maneli pojechali\u015bmy zameldowa\u0107 si\u0119 w szkole, gdzie mieli\u015bmy kima\u0142. Po obiedzie i zrobieniu niezb\u0119dnych zapas\u00f3w jad\u0142a Areq i Voy-tec sprawnie wykombinowali pi\u0142k\u0119 i siatk\u0119. Pograli\u015bmy z innymi ekipami nie\u017ale przy tym si\u0119 bawi\u0105c za spraw\u0105 pitych doping\u00f3w :D. P\u00f3\u017aniej przegl\u0105d samolot\u00f3w, ustawienia, \u0142adowanie accu i idziemy posiedzie\u0142 ze starszyzn\u0105 plemienn\u0105 :D. Kawa\u0142y jakie opowiadali spowodowa\u0142y b\u00f3l wszystkiego co si\u0119 da\u0142o :D. Po takiej dawce emocji nie pozosta\u0142o nic innego jak i\u015b\u0142 w kim\u0119;)<\/p>\n<p>&nbsp;<\/p>\n<p><strong>Sobota 22 maja<\/strong><\/p>\n<p>Po jako takim zsuni\u0119ciu si\u0119 z pos\u0142ania i ogarni\u0119ciu siebie i \u015bniadania zawody zosta\u0142y oficjalnie rozpocz\u0119te. Pakujemy modele i jedziemy na to samo zbocze co wczoraj. Na zboczu warunki jeszcze lepsze jak dzie\u0144 wcze\u015bniej &#8211; s\u0142onko + wiatr o sta\u0142ej sile na kierunek &#8211; mniam :D. Maksymalny czas lotu wylatywa\u0142 ka\u017cdy z nas, jedynie l\u0105dowania r\u00f3\u017cni\u0142y wyniki naszej ekipy. Najelpiej dawali rad\u0119 Voy-tec, Yoseph i Mar!o. Areq i Kamilek mieli kilka brak\u00f3w. Podczas kolejek nie mieli\u015bmy za to \u017cadnych awarii ;). Po zawodach zacz\u0119\u0142y si\u0119 wyg\u0142upy, ale nie tak spektakularne jak ostatnio &#8211; przesta\u0142o wia\u0142 :|. Porzucali\u015bmy sobie troch\u0119 z r\u0119ki i po\u0142apali\u015bmy. Areq raz dosta\u0142 przy tym Yoseph&#8217;a zonkiem. Innym razem Yoseph roz&#8230;sobie skrzyd\u0142o o swoj\u0105 atomow\u0105 r\u0119k\u0119 :D. Po po\u0142udniu zmyli\u015bmy si\u0119 do HQ ;). Areq pojecha\u0142 do domu, a reszta si\u0119 byczy\u0142a :P. Wieczorem grill + druga partyjka siatk\u00f3wki ;).<\/p>\n<p>&nbsp;<\/p>\n<p><strong>Niedziela 23 maja<\/strong><\/p>\n<p>Drugi dzie\u0144 zawod\u00f3w pod wzgl\u0119dem latania by\u0142 trudniejszy. Wiatru nie by\u0142o ju\u017c tak sporo i rozpocz\u0119\u0142o si\u0119 \u017cebranie :P. Niestety Voy-tec mia\u0142 sporo mniejsze szanse ze swoim samolotem i po dw\u00f3ch l\u0105dowaniach na dole po&#8230;stanowi\u0142 da\u0142 odpocz\u0105\u0142 modelowi :P. Najlepiej, chocia\u017c nie bez problem\u00f3w latali Yoseph i Mar!o, gorzej Kamilek. Ostatecznie r\u00f3\u017cnic\u0105 ledwie 10 pkt wygra\u0142 Mar!o przed Yoseph&#8217;em. Trzeci by\u0142 Piotr Przepi\u00f3ra. Kamilek dolata\u0142 na 5 miejscu ;P. Zawody jak zwykle wypad\u0142y \u015bwietnie, kolejny fajnie sp\u0119dzony weekend ;). Mamy nadziej\u0119, \u017ce na jesieni b\u0119dzie r\u00f3wnie dobrze jak nie lepiej ;).<\/p>\n","protected":false},"excerpt":{"rendered":"<p>Pi\u0105tek 21 maja Po ca\u0142otygodniowych deszczach, nadesz\u0142o wreszcie majowe s\u0142oneczko w sam raz w dzie\u0144 wyjazdu do Pi\u0144czowa ;). Zawody na zboczu + niesamowita atmosfera sprawiaj\u0105, \u017ce tej imprezy nie odpuszczamy :). Tej wiosny nie by\u0142o inaczej :). Miasteczko zaatakowali\u015bmy w tym roku z dw\u00f3ch stron :D. Ze Stalowej wpadli Mar!o, Voy-tec wraz z Ani\u0105 [&hellip;]<\/p>\n","protected":false},"author":1,"featured_media":0,"parent":3579,"menu_order":0,"comment_status":"closed","ping_status":"closed","template":"","meta":{"_crdt_document":"","ngg_post_thumbnail":0,"footnotes":""},"class_list":["post-6025","page","type-page","status-publish","hentry"],"_links":{"self":[{"href":"https:\/\/zonk-team.pl\/index.php?rest_route=\/wp\/v2\/pages\/6025","targetHints":{"allow":["GET"]}}],"collection":[{"href":"https:\/\/zonk-team.pl\/index.php?rest_route=\/wp\/v2\/pages"}],"about":[{"href":"https:\/\/zonk-team.pl\/index.php?rest_route=\/wp\/v2\/types\/page"}],"author":[{"embeddable":true,"href":"https:\/\/zonk-team.pl\/index.php?rest_route=\/wp\/v2\/users\/1"}],"replies":[{"embeddable":true,"href":"https:\/\/zonk-team.pl\/index.php?rest_route=%2Fwp%2Fv2%2Fcomments&post=6025"}],"version-history":[{"count":2,"href":"https:\/\/zonk-team.pl\/index.php?rest_route=\/wp\/v2\/pages\/6025\/revisions"}],"predecessor-version":[{"id":6062,"href":"https:\/\/zonk-team.pl\/index.php?rest_route=\/wp\/v2\/pages\/6025\/revisions\/6062"}],"up":[{"embeddable":true,"href":"https:\/\/zonk-team.pl\/index.php?rest_route=\/wp\/v2\/pages\/3579"}],"wp:attachment":[{"href":"https:\/\/zonk-team.pl\/index.php?rest_route=%2Fwp%2Fv2%2Fmedia&parent=6025"}],"curies":[{"name":"wp","href":"https:\/\/api.w.org\/{rel}","templated":true}]}}