{"id":6029,"date":"2015-01-13T20:32:50","date_gmt":"2015-01-13T19:32:50","guid":{"rendered":"http:\/\/zonk-team.pl\/?page_id=6029"},"modified":"2015-01-13T20:32:50","modified_gmt":"2015-01-13T19:32:50","slug":"zawody-f3k-bielsko-biala-2010-05-09","status":"publish","type":"page","link":"https:\/\/zonk-team.pl\/?page_id=6029","title":{"rendered":"Zawody F3K Bielsko Bia\u0142a 2010.05.09"},"content":{"rendered":"<p>Tym razem trafi\u0142 si\u0119 jednodniowy wypad do Bielska Bia\u0142ej na zawody samolot\u00f3w klasy F3K. Z krakowskiego oddzia\u0142u Zonk Team&#8217;u po wcze\u015bniejszych Juwenaliowych akcjach wyruszyli Mar!o, Areq oraz Yoseph jako pomocnik ;). Troszeczke sobie ekipa spa\u0142a za dobrze, potem og\u00f3lne gramolenie si\u0119 i&#8230;na zawody wpadamy ze sp\u00f3\u017anieniem 15 minut. Zonk na starcie daje o sobie we znaki &#8211; Mar!o straci\u0142 jedn\u0105 kolejk\u0119, Areq za\u0142apa\u0142 si\u0119 rzutem na ta\u015bm\u0119. W sumie lipa tak startowa\u0142 w zawodach z biegu, na kompletnie obcym lotnisku itd :|. Zar\u00f3wno po drodze, jak i w trakcie zawod\u00f3w pada\u0142 jedwabisty deszcz, dzi\u0119ki kt\u00f3remu ka\u017cdy z nas mia\u0142 uber mokre buty. Areq przy jednym z rzut\u00f3w ledwo obroni\u0142 si\u0119 przed siadem na dupie p\u0142askim :P. Same loty wychodzi\u0142y nam \u015brednio. Mar!o pocz\u0105tkowo mia\u0142 problemy z odbiornikiem, Areq z flutterem lotek. Po rozwi\u0105zaniu problem\u00f3w technicznych, czasy lekko si\u0119 poprawi\u0142y, ale rewelki nie by\u0142o. Og\u00f3\u0142em w sumie i w ogle Mar!o zakonczy\u0142 zawody na 11 miejscu, a Areq na 16. Wygra\u0142 organizator Jerzy Juraszek przed Adamem Siam\u0105 i Rafa\u0142em Budzoniem. Same zawody by\u0142y bardzo fajnie zorganizowane i sprawnie przeprowadzone (dziekujemy za placek :)), tylko Zonki si\u0119 nie popisa\u0142y i jak si\u0119 okaza\u0142o troch\u0119 trzeba jeszcze potrenowa\u0142, ale damy rad\u0119 :D. Nast\u0119pne w tej klasie zmagania u nas w Turbii \ud83d\ude42<\/p>\n<p>&nbsp;<\/p>\n<p>pisa\u0142 Areq<\/p>\n","protected":false},"excerpt":{"rendered":"<p>Tym razem trafi\u0142 si\u0119 jednodniowy wypad do Bielska Bia\u0142ej na zawody samolot\u00f3w klasy F3K. Z krakowskiego oddzia\u0142u Zonk Team&#8217;u po wcze\u015bniejszych Juwenaliowych akcjach wyruszyli Mar!o, Areq oraz Yoseph jako pomocnik ;). Troszeczke sobie ekipa spa\u0142a za dobrze, potem og\u00f3lne gramolenie si\u0119 i&#8230;na zawody wpadamy ze sp\u00f3\u017anieniem 15 minut. Zonk na starcie daje o sobie we [&hellip;]<\/p>\n","protected":false},"author":1,"featured_media":0,"parent":3579,"menu_order":0,"comment_status":"closed","ping_status":"closed","template":"","meta":{"_crdt_document":"","ngg_post_thumbnail":0,"footnotes":""},"class_list":["post-6029","page","type-page","status-publish","hentry"],"_links":{"self":[{"href":"https:\/\/zonk-team.pl\/index.php?rest_route=\/wp\/v2\/pages\/6029","targetHints":{"allow":["GET"]}}],"collection":[{"href":"https:\/\/zonk-team.pl\/index.php?rest_route=\/wp\/v2\/pages"}],"about":[{"href":"https:\/\/zonk-team.pl\/index.php?rest_route=\/wp\/v2\/types\/page"}],"author":[{"embeddable":true,"href":"https:\/\/zonk-team.pl\/index.php?rest_route=\/wp\/v2\/users\/1"}],"replies":[{"embeddable":true,"href":"https:\/\/zonk-team.pl\/index.php?rest_route=%2Fwp%2Fv2%2Fcomments&post=6029"}],"version-history":[{"count":1,"href":"https:\/\/zonk-team.pl\/index.php?rest_route=\/wp\/v2\/pages\/6029\/revisions"}],"predecessor-version":[{"id":6030,"href":"https:\/\/zonk-team.pl\/index.php?rest_route=\/wp\/v2\/pages\/6029\/revisions\/6030"}],"up":[{"embeddable":true,"href":"https:\/\/zonk-team.pl\/index.php?rest_route=\/wp\/v2\/pages\/3579"}],"wp:attachment":[{"href":"https:\/\/zonk-team.pl\/index.php?rest_route=%2Fwp%2Fv2%2Fmedia&parent=6029"}],"curies":[{"name":"wp","href":"https:\/\/api.w.org\/{rel}","templated":true}]}}