{"id":6046,"date":"2015-01-13T20:49:36","date_gmt":"2015-01-13T19:49:36","guid":{"rendered":"http:\/\/zonk-team.pl\/?page_id=6046"},"modified":"2015-01-13T21:03:21","modified_gmt":"2015-01-13T20:03:21","slug":"zawody-miniowek-pin%c2%84czow-wiosna-2013","status":"publish","type":"page","link":"https:\/\/zonk-team.pl\/?page_id=6046","title":{"rendered":"Zawody mini\u00f3wek &#8211; Pi\u0144\u0084cz\u00f3w, wiosna 2013"},"content":{"rendered":"<p>Do kalendarza naszych imprez rozrywkowo-zawodniczych powr\u00f3ci\u0142 w tym roku Pi\u0144cz\u00f3w, co wszystkich nas bardzo pozytywnie zaskoczy\u0142o&#8230;<\/p>\n<p>&nbsp;<\/p>\n<p><strong>Pi\u0105tek 24 Maja<\/strong><\/p>\n<p>Pogoda paskudna, leje praktycznie non-stop, 15 stopni raczej nie u\u015bwiadczysz na zewn\u0105trz&#8230;ale co? Na zawody nie pojedziemy? My nie pojedziemy? Pojechali\u015bmy, a w\u0142a\u015bciwie spotkali\u015bmy si\u0119 na miejscu. Areq przyjecha\u0142 z wawy zabierajac po drodze Karola od Scyzoryk\u00f3w, chwil\u0119 potem pojawi\u0142 si\u0119 Mar!o ze swoj\u0105 fank\u0105 &#8211; Dagmar\u0105 :). P\u00f3\u017aniej dotar\u0142 tak\u017ce Yoseph &#8211; i tyle nas z oficjalnego sk\u0142adu by\u0142o \ud83d\ude42 Po obiadku w obowi\u0105zkowej jad\u0142odajni na rogu rynku nasta\u0142 czas zakupu proc..prowiantu ;), a \u017ce pogoda raczej barowa to szybko przeszli\u015bmy do konsumpcji kie\u0142bach itd :). Wcze\u015bniej by\u0142o troch\u0119 d\u0142ubania przy modelach, co\u015b tam w przerwie mi\u0119dzy deszczami polecia\u0142o itd \ud83d\ude42 Po melan\u017cu kimono z nadziej\u0105, \u017ce jutro cho\u0142 w ci\u0105gu dnia nasze w\u0105troby odpoczn\u0105 \ud83d\ude1b<\/p>\n<p>&nbsp;<\/p>\n<p><strong>Sobota 25 Maja<\/strong><\/p>\n<p>Uff, jest &#8211; s\u0142o\u0144ce, chocia\u017c wygwizd jak na kieleckie przysta\u0142o :P. Wstajemy, ogarniamy si\u0119 ze \u015bniadaniem, ostatnie poprawki przy sprz\u0119tach i odprawa organizatora, przywitanie itd&#8230;znamy to prawie na pami\u0119\u0142 :P. Pojechali\u015bmy tego dnia na g\u00f3rk\u0119 dalej po\u0142o\u017con\u0105 od miasta, deko ni\u017csz\u0105, ale za to lepiej pasuj\u0105c\u0105 do kierunku i z wi\u0119ksz\u0105 ilo\u015bci\u0105 miejsca do l\u0105dowania. Niestety s\u0142o\u0144ce do\u015b\u0107 szybko si\u0119 schowa\u0142o, ale nap\u0119d by\u0142 ca\u0142kiem niez\u0142y. Efekt? Konkurs l\u0105dowa\u0144 ;). Kompletem popisa\u0142 si\u0119 Mar!o, Areq straci\u0142 40 punkt\u00f3w. Niestety Yoseph w pierwszym locie pogrzeba\u0142 szanse na dobry wynik &#8211; 219 s, p\u00f3\u017aniej ju\u017c same maksy oraz jedna '340&#8242;. Po pierwszym dniu sporo by\u0142o miejsc ex aequo i drugi dzie\u0144 mia\u0142 wszystko rozstrzygn\u0105\u0142. Przewa\u017cnie po odklepaniu kolejek lot\u00f3w zostajemy na zboczu \u017ceby si\u0119 nalata\u0142 na luzie, tym razem te\u017c tak zrobili\u015bmy, ale jako\u015b pr\u0119dko\u015b\u0107 wiatru nie rozpieszcza\u0142a i w pewnym momencie lepsz\u0105 wyda\u0142a si\u0119 opcja gyrosu na frytkach&#8230;wiadomo gdzie:D<\/p>\n<p>Po obiedzie by\u0142o latanie, \u0142owienie ryb&#8230;brakowa\u0142o chyba tylko sadzenia marchwii \ud83d\ude1b Areq i Yoseph usi\u0142owali walk w klasie ESA, zesz\u0142oroczny Spitfire Arka kontra nowy Mustang J\u00f3zka :). P\u00f3\u017aniej do\u0142\u0105czy\u0142 jeszcze rybak &#8211; Mar!o ze swoim Ki i przez chwil\u0119 by\u0142o do\u015b\u0142 ciekawie, ale obesz\u0142o si\u0119 bez wi\u0119kszych strat. Uda\u0142o si\u0119 tak\u017ce podrzuci\u0142 aparat na pok\u0142ad balonu i dzi\u0119ki temu w galerii jest kilka ciekawych uj\u0119\u0142 z powietrza :). By\u0142o tak\u017ce latanie 3Desk\u0105, 'biedronk\u0105&#8217;, rzutkiem itd &#8211; czyli typowa pi\u0144czowska sielanka :D. Po zmierzchu oczywi\u015bcie dalsza wymiana do\u015bwiadcze\u0144 \ud83d\ude09 i przezbrojenia na drugi dzie\u0144 \ud83d\ude42<\/p>\n<p>&nbsp;<\/p>\n<p><strong>Niedziela 26 Maja<\/strong><\/p>\n<p>W niedzielny poranek by\u0142o \u0142adnie, owszem, ale temperatura za wiele si\u0119 nie zmieni\u0142a. Dla niekt\u00f3rych z nas zabrak\u0142o miejsca do spania w budynku wi\u0119c testowane by\u0142y r\u00f3\u017cne warianty spania we w\u0142asnym aucie \ud83d\ude09 Jednak najgorsze okaza\u0142o si\u0119 dopiero na g\u00f3rce (przynajmniej dla niekt\u00f3rych), ju\u017c wiecie? Taaaak totalne braki wiatru :P. Kto tylko m\u00f3g\u0142 prze\u0142\u0105czy\u0142 si\u0119 na gazety, rzutki itd. Tym razem jedynie Mar!o wylata\u0142 komplet no i wygra\u0142 :). Pozostali zawodnicy im dalej od zwyci\u0119zcy mieli oczywi\u015bcie coraz wi\u0119ksze straty &#8211; niekt\u00f3rzy tylko l\u0105dowania, dalsi tak\u017ce czasy poni\u017cej 5 minut + oczywi\u015bcie kilka wycieczek na d\u00f3\u0142 na koncie \ud83d\ude09 Aaa no i by\u0142bym zapomnia\u0142 &#8211; latali\u015bmy oczywi\u015bcie na drugiej, wy\u017cszej g\u00f3rce :P. Drugie miejsce zaj\u0105\u0142 nasz znajomy z Gorzyc &#8211; Adrian, trzeci by\u0142 Wojtek &#8211; do niedawna jeszcze nasz team member ;P. Areq wystruga\u0142 6 miejsce, Yoseph z racji posiadania jedynie zboczowego modelu i braku ch\u0119ci na dreptanie g\u00f3ra &#8211; d\u00f3\u0142 ograniczy\u0142 si\u0119 do jednego, honorowego lotu wprost w okolice samochod\u00f3w ;).<\/p>\n<p>W ten oto mniej wi\u0119cej spos\u00f3b sp\u0119dzili\u015bmy do\u015b\u0142 zimny, ale bardzo fajny majowy weekend. Jak zwykle spotkanie z osoami z innych cz\u0119\u015bci Polski by\u0142o okazj\u0105 do pogadania, nauczenia si\u0119 nowych kawa\u0142\u00f3w i pos\u0142uchania tych samych po raz kolejny \ud83d\ude00 Bardzo cieszy nas fakt, \u017ce w\u0142adzia Aeroklubu Pi\u0144czowskiego postanowi\u0142a nas znowu wpu\u015bci\u0142 do siebie za free i oby tak by\u0142o za rok, dwa, siedem \ud83d\ude09 Nast\u0119pne nasze wyst\u0119py to prawdopodobnie 1 weekend lipca &#8211; bliski wsch\u00f3d zwany Sawin \ud83d\ude42<\/p>\n","protected":false},"excerpt":{"rendered":"<p>Do kalendarza naszych imprez rozrywkowo-zawodniczych powr\u00f3ci\u0142 w tym roku Pi\u0144cz\u00f3w, co wszystkich nas bardzo pozytywnie zaskoczy\u0142o&#8230; &nbsp; Pi\u0105tek 24 Maja Pogoda paskudna, leje praktycznie non-stop, 15 stopni raczej nie u\u015bwiadczysz na zewn\u0105trz&#8230;ale co? Na zawody nie pojedziemy? My nie pojedziemy? Pojechali\u015bmy, a w\u0142a\u015bciwie spotkali\u015bmy si\u0119 na miejscu. Areq przyjecha\u0142 z wawy zabierajac po drodze Karola [&hellip;]<\/p>\n","protected":false},"author":1,"featured_media":0,"parent":6003,"menu_order":0,"comment_status":"closed","ping_status":"closed","template":"","meta":{"_crdt_document":"","ngg_post_thumbnail":0,"footnotes":""},"class_list":["post-6046","page","type-page","status-publish","hentry"],"_links":{"self":[{"href":"https:\/\/zonk-team.pl\/index.php?rest_route=\/wp\/v2\/pages\/6046","targetHints":{"allow":["GET"]}}],"collection":[{"href":"https:\/\/zonk-team.pl\/index.php?rest_route=\/wp\/v2\/pages"}],"about":[{"href":"https:\/\/zonk-team.pl\/index.php?rest_route=\/wp\/v2\/types\/page"}],"author":[{"embeddable":true,"href":"https:\/\/zonk-team.pl\/index.php?rest_route=\/wp\/v2\/users\/1"}],"replies":[{"embeddable":true,"href":"https:\/\/zonk-team.pl\/index.php?rest_route=%2Fwp%2Fv2%2Fcomments&post=6046"}],"version-history":[{"count":2,"href":"https:\/\/zonk-team.pl\/index.php?rest_route=\/wp\/v2\/pages\/6046\/revisions"}],"predecessor-version":[{"id":6067,"href":"https:\/\/zonk-team.pl\/index.php?rest_route=\/wp\/v2\/pages\/6046\/revisions\/6067"}],"up":[{"embeddable":true,"href":"https:\/\/zonk-team.pl\/index.php?rest_route=\/wp\/v2\/pages\/6003"}],"wp:attachment":[{"href":"https:\/\/zonk-team.pl\/index.php?rest_route=%2Fwp%2Fv2%2Fmedia&parent=6046"}],"curies":[{"name":"wp","href":"https:\/\/api.w.org\/{rel}","templated":true}]}}