{"id":6558,"date":"2015-05-31T22:57:46","date_gmt":"2015-05-31T21:57:46","guid":{"rendered":"http:\/\/zonk-team.pl\/?page_id=6558"},"modified":"2015-05-31T22:58:52","modified_gmt":"2015-05-31T21:58:52","slug":"zawody-f3j-mini-pinczow","status":"publish","type":"page","link":"https:\/\/zonk-team.pl\/?page_id=6558","title":{"rendered":"Zawody F3J Mini Pi\u0144cz\u00f3w"},"content":{"rendered":"<p><strong>Pi\u0105tek 29 Maja<\/strong><\/p>\n<p>Znowu po\u0142owa z naszej ekipy czyli Mario, Wojtek oraz ekipa z jego modelarni zameldowa\u0142a si\u0119 w Pi\u0144czowie ju\u017c w czwartek wieczorem. W ten spos\u00f3b od po\u0142udnia mogli sobie potrenowa\u0107, po\u0142owi\u0107 ryby i zaliczy\u0107 ca\u0142y dzie\u0144 do przedzawodowego chill out&#8217;u ;). Pod koniec dnia zacz\u0119\u0142a zje\u017cd\u017ca\u0107 si\u0119 reszta &#8211; Arek, ekipa z Kielc oraz Pawe\u0142 i Ilona na dw\u00f3ch k\u00f3\u0142kach. Arek zd\u0105\u017cy\u0142 jeszcze chwile polata\u0107 na lotnisku i zorientowa\u0107 si\u0119 w jakim stanie s\u0105 sprz\u0119ty po poprzednim sezonie :D. Na koniec dotar\u0142a tak\u017ce reprezentacja z Gorzyc \ud83d\ude42<br \/>\nWiecz\u00f3r typowy dla nas &#8211; zakupy, grill i napoje wyskokowe ;). Niekt\u00f3rym ten wiecz\u00f3r lekko zaz\u0119bi\u0142 si\u0119 co prawda z nast\u0119pnym dniem, ale to akurat nale\u017cy uzna\u0107 za jego dobr\u0105 stron\u0119 :).<\/p>\n<p><strong>Sobota 30 Maja<\/strong><\/p>\n<p>Wstawanie&#8230;Ci\u0119\u017cki temat. Zw\u0142aszcza gdy przespa\u0142o si\u0119 3-5 h i w g\u0142owie jeszcze s\u0142ycha\u0107 szumy \ud83d\ude00 a tu m\u00f3wi\u0105, \u017ce za chwil\u0119 odjazd i latamy. Powoooli, spokojnie, bez ha\u0142asu dali\u015bmy rad\u0119 si\u0119 jako\u015b ogarn\u0105\u0107.<br \/>\nPogoda zapowiada\u0142a si\u0119 ca\u0142kiem nie\u017ale i tak te\u017c by\u0142o przez praktycznie ca\u0142y dzie\u0144. Wia\u0142o w miar\u0119 r\u00f3wno z kierunku, kt\u00f3ry pozwala\u0142 na starty z du\u017cego zbocza. Dopiero pod sam koniec kolejek lot\u00f3w spad\u0142o troch\u0119 deszczu.<\/p>\n<p>A jak nam posz\u0142o? Nawet nie\u017ale, chocia\u017c Wojtek raz musia\u0142 l\u0105dowa\u0107 na dole, przez co straci\u0142 sporo punkt\u00f3w. Mario wylata\u0142 wszystko co si\u0119 da\u0142o, Pawe\u0142 i Arek stracili po kilkadziesi\u0105t punkt\u00f3w na l\u0105dowaniach. Na tym zboczu l\u0105dowanie jest do\u015b\u0107 specyficzne, ale oby\u0142o si\u0119 praktycznie bez strat &#8211; naderwanych statecznik\u00f3w nie licz\u0119 ;).<br \/>\nPo wylataniu wszystkich kolejek na zabaw\u0119 pozosta\u0142o niewiele czasu ze wzgl\u0119du na deszcz, kt\u00f3ry przegoni\u0142 nas na obiad \ud83d\ude42<\/p>\n<p>Dalsza cz\u0119\u015b\u0107 dnia up\u0142yn\u0119\u0142a nam na uprawianiu typowego pi\u0144czowskiego opierdaylingu &#8211; lody, siedzenie w parku przy fontannie, wylegiwanie si\u0119 na s\u0142o\u0144cu, chwila grania w pi\u0142k\u0119 itp \ud83d\ude42<br \/>\nWiecz\u00f3r to oczywi\u015bcie grill i tym razem ogl\u0105danie filmu w szkolnej swietlicy \ud83d\ude42 &#8211; poprzednia noc da\u0142a si\u0119 we znaki i w okolicach p\u00f3\u0142nocy praktycznie wszyscy ju\u017c spali.<\/p>\n<p>&nbsp;<\/p>\n<p><strong>Niedziela 31 Maja<\/strong><\/p>\n<p>Niedzielny poranek do wstawania okaza\u0142 si\u0119 du\u017co lepszy ni\u017c sobotni. Na zewn\u0105trz s\u0142o\u0144ce, ale wiatru ma\u0142o i kierunek te\u017c inny &#8211; jedziemy na tzw. Czo\u0142o! G\u00f3rka troch\u0119 mniejsza, ale na szczycie sporo miejsca do l\u0105dowania. Zbocze du\u017co bardziej pofa\u0142dowane wi\u0119c i opcji do kombinowania w locie te\u017c wi\u0119cej. Mimo tego wszystkiego, czasowe braki w dostawie wiatru rozstrzygn\u0119\u0142y o ostatecznym wyniku zawod\u00f3w. Mario zn\u00f3w wylata\u0142 komplet i tym samym wygra\u0142. Drugi by\u0142 Kamil Koszyczek trenowany przez Wojtka. Pawe\u0142 zaj\u0105\u0142 trzecie miejsce, a Arek by\u0142 sz\u00f3sty. Wojtek zako\u0144czy\u0142 zawody na 7 miejscu.<\/p>\n<p>Jak zwykle kto\u015b od nas jest na podium i jak zwykle weekend w tym ma\u0142ym miasteczku jest bardzo mile sp\u0119dzonym czasem. Nast\u0119pny nasz wypad za oko\u0142o miesi\u0105c \u00a0&#8211; b\u0119dziemy w Sawinie ko\u0142o Che\u0142ma.<\/p>\n<p>&nbsp;<\/p>\n<p>pisa\u0142 Arek<\/p>\n","protected":false},"excerpt":{"rendered":"<p>Pi\u0105tek 29 Maja Znowu po\u0142owa z naszej ekipy czyli Mario, Wojtek oraz ekipa z jego modelarni zameldowa\u0142a si\u0119 w Pi\u0144czowie ju\u017c w czwartek wieczorem. W ten spos\u00f3b od po\u0142udnia mogli sobie potrenowa\u0107, po\u0142owi\u0107 ryby i zaliczy\u0107 ca\u0142y dzie\u0144 do przedzawodowego chill out&#8217;u ;). Pod koniec dnia zacz\u0119\u0142a zje\u017cd\u017ca\u0107 si\u0119 reszta &#8211; Arek, ekipa z Kielc [&hellip;]<\/p>\n","protected":false},"author":1,"featured_media":0,"parent":6548,"menu_order":0,"comment_status":"closed","ping_status":"closed","template":"","meta":{"_crdt_document":"","ngg_post_thumbnail":0,"footnotes":""},"class_list":["post-6558","page","type-page","status-publish","hentry"],"_links":{"self":[{"href":"https:\/\/zonk-team.pl\/index.php?rest_route=\/wp\/v2\/pages\/6558","targetHints":{"allow":["GET"]}}],"collection":[{"href":"https:\/\/zonk-team.pl\/index.php?rest_route=\/wp\/v2\/pages"}],"about":[{"href":"https:\/\/zonk-team.pl\/index.php?rest_route=\/wp\/v2\/types\/page"}],"author":[{"embeddable":true,"href":"https:\/\/zonk-team.pl\/index.php?rest_route=\/wp\/v2\/users\/1"}],"replies":[{"embeddable":true,"href":"https:\/\/zonk-team.pl\/index.php?rest_route=%2Fwp%2Fv2%2Fcomments&post=6558"}],"version-history":[{"count":1,"href":"https:\/\/zonk-team.pl\/index.php?rest_route=\/wp\/v2\/pages\/6558\/revisions"}],"predecessor-version":[{"id":6559,"href":"https:\/\/zonk-team.pl\/index.php?rest_route=\/wp\/v2\/pages\/6558\/revisions\/6559"}],"up":[{"embeddable":true,"href":"https:\/\/zonk-team.pl\/index.php?rest_route=\/wp\/v2\/pages\/6548"}],"wp:attachment":[{"href":"https:\/\/zonk-team.pl\/index.php?rest_route=%2Fwp%2Fv2%2Fmedia&parent=6558"}],"curies":[{"name":"wp","href":"https:\/\/api.w.org\/{rel}","templated":true}]}}