{"id":7653,"date":"2016-10-20T23:15:15","date_gmt":"2016-10-20T22:15:15","guid":{"rendered":"http:\/\/zonk-team.pl\/?page_id=7653"},"modified":"2016-10-20T23:15:15","modified_gmt":"2016-10-20T22:15:15","slug":"zawody-f3jmini-pinczow-jesien-2016","status":"publish","type":"page","link":"https:\/\/zonk-team.pl\/?page_id=7653","title":{"rendered":"Zawody F3JMini Pi\u0144cz\u00f3w jesie\u0144 2016"},"content":{"rendered":"<p>Czwartek, 10 am czasu lokalnego. Zbi\u00f3rka w mdl w Zaleszanach. Lipton okleja\u0142 jeszcze na szybko\u015bci nowy pionowy :D. Po zabraniu z modelarni wszystkiego co lata i co mo\u017ce si\u0119 przyda\u0107 do naprawy tego \ud83d\ude00 3 za\u0142ogi z dwoma Leonami na czele i Zafir\u0105 wyruszy\u0142y w kierunku Pi\u0144czowa. Trasa przebieg\u0142a do\u015b\u0107 sprawnie, co nie Kamil :D? Oko\u0142o 13 byli\u015bmy w Pi\u0144czowie i zaliczyli\u015bmy pierwszy punkt kontrolny czyli Kwadrans i Pi\u0144czowianski gyros :). Po gyrosie pojechali\u015bmy prosto na g\u00f3rk\u0119 z my\u015bl\u0105 jakiego\u015b polatania, ale w trakcie \u0142adowania akus\u00f3w, jeszcze b\u0119d\u0105c na dole przysz\u0142a chmura i zacz\u0119\u0142o pada\u0107 wi\u0119c kierownik wycieczki zarz\u0105dzi\u0142 odwr\u00f3t i pojechali\u015bmy do super extra agroturystyki pod g\u00f3rka za jedyne 3 dyszki :). Po rozlokowaniu si\u0119 starszyzna zaj\u0119\u0142a budynek gospodarczy nr1 a m\u0142odzi zostali oddelegowani do domu w\u0142a\u015bcicielki. Po po\u0142udniu pogoda si\u0119 poprawi\u0142a i wyruszyli\u015bmy z buta na czo\u0142o g\u00f3rki bo by\u0142o blisko i w zasadzie mo\u017cna by\u0142o i\u015b\u0107 asfaltem ale kto\u015b wymy\u015bli\u0142 \u017ce oranym polem bedzie fajniej i tak te\u017c zrobili\u015bmy :D. Po popo\u0142udniowym opadzie zrobi\u0142 si\u0119 wypizgacz lekki i siad\u0142 wiatr troch\u0119 a p\u00f3\u017aniej definitywnie, ale co\u015b tam porzuca\u0107 si\u0119 da\u0142o. Wojtek nawet oblatal Kamilowi nowego samolota, kt\u00f3remu niestety nie by\u0142o dane lata\u0107 w tych zawodach z zonkowych sytuacji jakie p\u00f3\u017aniej mia\u0142y miejsce w kolejkach z Kamilowym radiem i nie tylko jego. Po lotach nauczeni do\u015bwiadczeniem wr\u00f3cili\u015bmy ju\u017c asfaltem :). Ciekawie musia\u0142o to wygl\u0105da\u0107 z perspektywy ludzi mijaj\u0105cych nas co\u015b tak jak by jaka\u015b pielgrzymka czy ki uj z kolorowymi samolotami :D. Wieczorem dojecha\u0142 Maryjo z kolejn\u0105 porcj\u0105 m\u0142odych i po ogl\u0105dni\u0119ciu 2h mixu kapiatana bomby i rozmowach na tematy g\u0142\u00f3wnie modelarskie, co poniekt\u00f3rzy poodlatywali a niekt\u00f3rzy nawet bardzo wysoko:D.<\/p>\n<p>Sobota rano?? nieeee Pi\u0105teczek system oszukany \ud83d\ude00 rano tzn gdzie\u015b ko\u0142o 10 masterszef Micha\u0142 Urr przyrz\u0105dzi\u0142 wyborn\u0105 jajeczniczk\u0119 na boczku bardzo smakow\u0105 \ud83d\ude42 reszta nie by\u0142a gorsza. Po ogarni\u0119ciu si\u0119 nast\u0105pi\u0142 pewien paradoks tzn odbywa\u0142y si\u0119 loty modelami na stymulatorze a przez okno by\u0142o wida\u0107 g\u00f3rk\u0119 na kt\u00f3rej mo\u017cna by\u0142o naprawd\u0119 polata\u0107, ale nie wnikam :D. Ko\u0142o godziny 11-11;30 wymeldowali\u015bmy si\u0119 z tej\u017ce agroturystyki i heja na zbocze :). Warunki by\u0142y dobre, wia\u0142o stabilne 4m\/s, zrobi\u0142y si\u0119 \u0142adne chmurki, temperatura optymalna i wszyscy ostro trenowali, a bardziej czerpali przyjemno\u015b\u0107 z bycia tam i latania w sumie te\u017c. Erni stawia\u0142 pierwsze kroki w RC na po\u017cyczonym KTM-ie. Wojtek nadzorowa\u0142 ca\u0142\u0105 sytuacje do momentu a\u017c na niebie nie pojawi\u0142 si\u0119 orze\u0142 bielik kt\u00f3ry si\u0119 mocno zainteresowa\u0142 modelem Maxia (Maksiiiuuuuu a\u0142 a\u0142 a\u0142 :D) no i wielkie zainteresowanie czy go po\u017cre czy nie, a tym czasem Erni jak lata pod wiatr to co\u015b si\u0119 ch\u0142opu pomyli\u0142o i odwin\u0105\u0142 z wiatrem i spad\u0142 gdzie\u015b za szczytem, ale ze by\u0142 to KTM to takie twarde l\u0105dowania mu nie straszne \ud83d\ude42 a Wojtek mniej wi\u0119cej gdzie\u015b w tym momencie sobie u\u015bwiadomi\u0142, \u017ce go pilnowa\u0142 :D. Z racji tego \u017ce by\u0142 obiad to Pan Stefaj jecha\u0142 z Kielec dooko\u0142a g\u00f3rki i gdzie\u015b ko\u0142o godziny 14 zrobi\u0142 nam wjazd na g\u00f3rk\u0119 po czym zawin\u0105\u0142 do szko\u0142y. A ten orze\u0142 to w ko\u0144cu nie porwa\u0142 modelu Maxsia :). Oko\u0142o 15-16 zawin\u0119li\u015bmy z g\u00f3rki do szko\u0142y na szybkie rozlokowanie si\u0119. Nauczeni do\u015bwiadczeniem teraz prawie ka\u017cdy mia\u0142 sw\u00f3j materac \ud83d\ude42 a p\u00f3\u017aniej gryrosiwo po rax 2gi w kwadransie obczajka co tam na rejonie i wrocilsimy do szko\u0142y na rozgrywki w siatk\u0119 \ud83d\ude42 og\u00f3lnie bardzo sympatycznie, nawet buzia w t\u0119czu si\u0119 pokaza\u0142a. W pi\u0105tkowy wiecz\u00f3r jak wiadomo s\u0105 najwy\u017csze loty, tak\u017ce by\u0142o party hard \ud83d\ude00 a m\u0142odych w ko\u0144cu dopad\u0142a Konopielka :D.<\/p>\n<p>Sobota rano, og\u00f3lne poruszenie wiadomo, loty w kolejkach na nas czeka\u0142y. W sumie w miar\u0119 sprawnie si\u0119 ogarn\u0119li\u015bmy i na g\u00f3rk\u0119. Co\u015b tam wia\u0142o, ale woda wisia\u0142a w powietrzu wida\u0107 jej nie by\u0142o, ale gdzie\u015b si\u0119 czai\u0142a, po oko\u0142o godzinie pokaza\u0142a si\u0119 szara \u015bciana przed nami i cza by\u0142o spi&#8230; opuszcza\u0107 g\u00f3rk\u0119 w zorganizowanym po\u015bpiechu :D. Powr\u00f3t do szko\u0142y no i co gyros? tak gyros :D. Po gyrosie przeja\u015bni\u0142o si\u0119 i zacz\u0119\u0142a si\u0119 robi\u0107 bardzo fajna pogoda no to co heja na g\u00f3rk\u0119 znowu a chwil\u0119 przed wyjazdem wpad\u0142 szary passat kombi na RT przez chwile palantowa lekka niepewno\u015b\u0107 kto to i w og\u00f3le, a to stary Teamowicz jeden z pionier\u00f3w &lt;ZT&gt; Ra\u0142a\u0142 z rodzinka nas odwiedzi\u0142 a dok\u0142adnie to przyjecha\u0142 lata\u0107 :). Tak\u017ce popo\u0142udniu wznowili\u015bmy loty tzn kto wznowi\u0142 to wznowi\u0142 bo Wojtek z Maryjem to nadzorowali poczynania m\u0142odych i nie by\u0142o im dane polata\u0107 w konkurencji, no nic nast\u0119pnym razem :&gt;. Sobota zlecia\u0142a bardzo sympatycznie co prawda ju\u017c tak wysokich lot\u00f3w nie by\u0142o, ale te\u017c by\u0142o spoko.<\/p>\n<p>Niedziela rano 0 wiatru, s\u0142oneczko czyli to co tygrysy lubi\u0105 najbardziej &#8211;\u00a0delikatna termika na bezwietrznej na zboczu mmmm \ud83d\ude42 no i rano m\u0142odzi mieli okazje popacze\u0107 jak si\u0119 to robi jak Stary z Drugim kr\u0119cili b\u0105belka za b\u0105belkiem :). Pogoda by\u0142a smerfastyczna, ale meteo pokazywa\u0142o ze max do 14 si\u0119 to utrzyma i chyba nawet wcze\u015bniej chmury si\u0119 na tyle rozbudowa\u0142y \u017ce zakry\u0142y nam niebo nad g\u00f3rka przy okazji wy\u0142\u0105czaj\u0105c termik\u0119 i jeszcze \u017ceby ma\u0142o by\u0142o to wiatr zacz\u0105\u0142 wia\u0107 od tylu.. Kto rano lata\u0142 w kolejkach, a nie dla przyjemno\u015bci to wylata\u0142, a kto sobie lata\u0142 tak o a p\u00f3\u017aniej zosta\u0142o mu np 4 loty to rzuca\u0142 model w centrum ko\u0142a z odleg\u0142o\u015bci 2-3m \ud83d\ude00 \u017ceby si\u0119 nie nachodzi\u0107 i te 51 pkt za lot mie\u0107:D. Koniec ko\u0144c\u00f3w ku wielkiemu zdziwieniu wygra\u0142 Ra\u0142a\u0142 cho\u0107 gdzie\u015b tam schodzi\u0142 na d\u00f3\u0142 a w wynikach tego wida\u0107 nie by\u0142o generalnie. Lekko co\u015b dziwnie, ale wali\u0107 to, nast\u0119pnym razem si\u0119 bardziej zwr\u00f3ci na to uwag\u0119 :). No wi\u0119c wygra\u0142 Ra\u0142a\u0142a za nim Pawe\u0142 Ataman, p\u00f3\u017aniej Maciek Wawrzycki , druga trojk\u0119 otwiera\u0142 Kamil Koszyczek, kt\u00f3ry pewnie da\u0142 by im popali\u0107 ale sprz\u0119t si\u0119 buntowa\u0142.. p\u00f3\u017aniej za nim Maciek Krawiec i zamykaj\u0105cym by\u0142 Micha\u0142 Urbaniak :). M\u0142odzi z zawod\u00f3w na zawody coraz wy\u017cszy poziom reprezentuj\u0105, bardzo r\u00f3wne i poprawne loty z wykorzystaniem termiki! Wygra\u0142 Kamil Jaskowski za nim Wojtek Kieliszek i gdyby nie problemy z zak\u0142\u00f3ceniami to nast\u0105pi\u0142a by roszada na tych 2ch miejscach a na trzecim Maksssiiiii a\u0142 a\u0142 a\u0142 \ud83d\ude00 ktory pokaza\u0142 co potrafi balsa i \u017ce or\u0142y mu nie straszne :D. Szacun dla Erniego \u017ce w 2 dni nauczy\u0142 si\u0119 lata\u0107 i zobaczy\u0142 jak to jest na zawodach. Po rozdaniu pakowanie, po\u017cegnanie i na obiad a co na obiad ?? podw\u00f3jny gyros z potr\u00f3jnym gyrosem\u00a0 \ud83d\ude00 elo!<\/p>\n<p>&nbsp;<\/p>\n<p>Pisa\u0142 Wojtek, co wi\u0119ksze byki poprawi\u0142 Areq<\/p>\n","protected":false},"excerpt":{"rendered":"<p>Czwartek, 10 am czasu lokalnego. Zbi\u00f3rka w mdl w Zaleszanach. Lipton okleja\u0142 jeszcze na szybko\u015bci nowy pionowy :D. Po zabraniu z modelarni wszystkiego co lata i co mo\u017ce si\u0119 przyda\u0107 do naprawy tego \ud83d\ude00 3 za\u0142ogi z dwoma Leonami na czele i Zafir\u0105 wyruszy\u0142y w kierunku Pi\u0144czowa. Trasa przebieg\u0142a do\u015b\u0107 sprawnie, co nie Kamil :D? [&hellip;]<\/p>\n","protected":false},"author":1,"featured_media":0,"parent":7469,"menu_order":0,"comment_status":"closed","ping_status":"closed","template":"","meta":{"_crdt_document":"","ngg_post_thumbnail":0,"footnotes":""},"class_list":["post-7653","page","type-page","status-publish","hentry"],"_links":{"self":[{"href":"https:\/\/zonk-team.pl\/index.php?rest_route=\/wp\/v2\/pages\/7653","targetHints":{"allow":["GET"]}}],"collection":[{"href":"https:\/\/zonk-team.pl\/index.php?rest_route=\/wp\/v2\/pages"}],"about":[{"href":"https:\/\/zonk-team.pl\/index.php?rest_route=\/wp\/v2\/types\/page"}],"author":[{"embeddable":true,"href":"https:\/\/zonk-team.pl\/index.php?rest_route=\/wp\/v2\/users\/1"}],"replies":[{"embeddable":true,"href":"https:\/\/zonk-team.pl\/index.php?rest_route=%2Fwp%2Fv2%2Fcomments&post=7653"}],"version-history":[{"count":2,"href":"https:\/\/zonk-team.pl\/index.php?rest_route=\/wp\/v2\/pages\/7653\/revisions"}],"predecessor-version":[{"id":7655,"href":"https:\/\/zonk-team.pl\/index.php?rest_route=\/wp\/v2\/pages\/7653\/revisions\/7655"}],"up":[{"embeddable":true,"href":"https:\/\/zonk-team.pl\/index.php?rest_route=\/wp\/v2\/pages\/7469"}],"wp:attachment":[{"href":"https:\/\/zonk-team.pl\/index.php?rest_route=%2Fwp%2Fv2%2Fmedia&parent=7653"}],"curies":[{"name":"wp","href":"https:\/\/api.w.org\/{rel}","templated":true}]}}