{"id":8521,"date":"2017-10-02T22:14:54","date_gmt":"2017-10-02T21:14:54","guid":{"rendered":"http:\/\/zonk-team.pl\/?page_id=8521"},"modified":"2017-10-13T00:16:03","modified_gmt":"2017-10-12T23:16:03","slug":"zawody-2017","status":"publish","type":"page","link":"https:\/\/zonk-team.pl\/?page_id=8521","title":{"rendered":"Zawody 2017"},"content":{"rendered":"<p><strong><a href=\"https:\/\/zonk-team.pl\/?page_id=8527\">Zawody F3JMini Pi\u0144cz\u00f3w edycja jesienna<\/a><\/strong><\/p>\n<p>Kolejny raz ZT wpada do Pi\u0144czowa na zawody mini\u00f3wek&#8230;<\/p>\n<p>&nbsp;<\/p>\n<p><strong><a href=\"https:\/\/zonk-team.pl\/?page_id=8627\">Zawody Vento &#8211; Lublin\/Radawiec<\/a><\/strong><\/p>\n<p>Temat jednodniowy wi\u0119c bez balet\u00f3w, ale te\u017c bez pakowania mand\u017cura na ca\u0142y weekend, a mimo to zawsze bardzo mi\u0142o jedzie si\u0119 do Grze\u015bka i sp\u00f3\u0142ki&#8230;<\/p>\n","protected":false},"excerpt":{"rendered":"<p>Zawody F3JMini Pi\u0144cz\u00f3w edycja jesienna Kolejny raz ZT wpada do Pi\u0144czowa na zawody mini\u00f3wek&#8230; &nbsp; Zawody Vento &#8211; Lublin\/Radawiec Temat jednodniowy wi\u0119c bez balet\u00f3w, ale te\u017c bez pakowania mand\u017cura na ca\u0142y weekend, a mimo to zawsze bardzo mi\u0142o jedzie si\u0119 do Grze\u015bka i sp\u00f3\u0142ki&#8230;<\/p>\n","protected":false},"author":1,"featured_media":0,"parent":3576,"menu_order":0,"comment_status":"closed","ping_status":"closed","template":"","meta":{"_crdt_document":"","ngg_post_thumbnail":0,"footnotes":""},"class_list":["post-8521","page","type-page","status-publish","hentry"],"_links":{"self":[{"href":"https:\/\/zonk-team.pl\/index.php?rest_route=\/wp\/v2\/pages\/8521","targetHints":{"allow":["GET"]}}],"collection":[{"href":"https:\/\/zonk-team.pl\/index.php?rest_route=\/wp\/v2\/pages"}],"about":[{"href":"https:\/\/zonk-team.pl\/index.php?rest_route=\/wp\/v2\/types\/page"}],"author":[{"embeddable":true,"href":"https:\/\/zonk-team.pl\/index.php?rest_route=\/wp\/v2\/users\/1"}],"replies":[{"embeddable":true,"href":"https:\/\/zonk-team.pl\/index.php?rest_route=%2Fwp%2Fv2%2Fcomments&post=8521"}],"version-history":[{"count":4,"href":"https:\/\/zonk-team.pl\/index.php?rest_route=\/wp\/v2\/pages\/8521\/revisions"}],"predecessor-version":[{"id":8636,"href":"https:\/\/zonk-team.pl\/index.php?rest_route=\/wp\/v2\/pages\/8521\/revisions\/8636"}],"up":[{"embeddable":true,"href":"https:\/\/zonk-team.pl\/index.php?rest_route=\/wp\/v2\/pages\/3576"}],"wp:attachment":[{"href":"https:\/\/zonk-team.pl\/index.php?rest_route=%2Fwp%2Fv2%2Fmedia&parent=8521"}],"curies":[{"name":"wp","href":"https:\/\/api.w.org\/{rel}","templated":true}]}}