{"id":9099,"date":"2018-07-11T22:15:46","date_gmt":"2018-07-11T21:15:46","guid":{"rendered":"http:\/\/zonk-team.pl\/?page_id=9099"},"modified":"2018-10-18T23:46:51","modified_gmt":"2018-10-18T22:46:51","slug":"zawody-2018","status":"publish","type":"page","link":"https:\/\/zonk-team.pl\/?page_id=9099","title":{"rendered":"Zawody 2018"},"content":{"rendered":"<p><strong><a href=\"https:\/\/zonk-team.pl\/?page_id=9410\">Ponidzie Autumn Cup 2018 #2<\/a><\/strong><\/p>\n<p>Zrobili\u015bmy raz, to czemu nie zrobi\u0107 drugi?<\/p>\n<p>&nbsp;<\/p>\n<p><strong><a href=\"https:\/\/zonk-team.pl\/?page_id=9105\">Ponidzie Summer Cup 2018 #1<\/a><\/strong><\/p>\n<p>Zawod\u00f3w mia\u0142o nie by\u0107&#8230;<\/p>\n<p>&nbsp;<\/p>\n","protected":false},"excerpt":{"rendered":"<p>Ponidzie Autumn Cup 2018 #2 Zrobili\u015bmy raz, to czemu nie zrobi\u0107 drugi? &nbsp; Ponidzie Summer Cup 2018 #1 Zawod\u00f3w mia\u0142o nie by\u0107&#8230; &nbsp;<\/p>\n","protected":false},"author":1,"featured_media":0,"parent":3576,"menu_order":0,"comment_status":"closed","ping_status":"closed","template":"","meta":{"_crdt_document":"","ngg_post_thumbnail":0,"footnotes":""},"class_list":["post-9099","page","type-page","status-publish","hentry"],"_links":{"self":[{"href":"https:\/\/zonk-team.pl\/index.php?rest_route=\/wp\/v2\/pages\/9099","targetHints":{"allow":["GET"]}}],"collection":[{"href":"https:\/\/zonk-team.pl\/index.php?rest_route=\/wp\/v2\/pages"}],"about":[{"href":"https:\/\/zonk-team.pl\/index.php?rest_route=\/wp\/v2\/types\/page"}],"author":[{"embeddable":true,"href":"https:\/\/zonk-team.pl\/index.php?rest_route=\/wp\/v2\/users\/1"}],"replies":[{"embeddable":true,"href":"https:\/\/zonk-team.pl\/index.php?rest_route=%2Fwp%2Fv2%2Fcomments&post=9099"}],"version-history":[{"count":6,"href":"https:\/\/zonk-team.pl\/index.php?rest_route=\/wp\/v2\/pages\/9099\/revisions"}],"predecessor-version":[{"id":9416,"href":"https:\/\/zonk-team.pl\/index.php?rest_route=\/wp\/v2\/pages\/9099\/revisions\/9416"}],"up":[{"embeddable":true,"href":"https:\/\/zonk-team.pl\/index.php?rest_route=\/wp\/v2\/pages\/3576"}],"wp:attachment":[{"href":"https:\/\/zonk-team.pl\/index.php?rest_route=%2Fwp%2Fv2%2Fmedia&parent=9099"}],"curies":[{"name":"wp","href":"https:\/\/api.w.org\/{rel}","templated":true}]}}